et q be (-738)/(-120)*4 + (-4)/(-10). Calculate the greatest common factor of k and q.
5
Suppose -9*v = -12*v + 3*b + 33, -2*b = -v + 12. Calculate the greatest common factor of v and 15.
5
Suppose 5*l - l = 1272. Suppose -l - 90 = 6*t. Let a = t - -113. Calculate the greatest common divisor of a and 9.
9
Suppose 17*j - 395 = 13. Suppose j = 5*p - 11. Calculate the greatest common factor of p and 56.
7
Let h be (-5)/(20/(-8)) + -94. Let a be h/(-8) - 5/(-10). Calculate the highest common factor of a and 6.
6
Let r = -239 - -160. Suppose 3*h = -2*o + 579, -2*o + 3*o = 4*h - 761. Let d = h + r. What is the highest common divisor of 16 and d?
16
Let m(x) = -3*x**3 - 15*x**2 - 6*x - 8. Let z be m(-6). Suppose c + c = b - 134, -c = -b + z. What is the highest common divisor of 23 and b?
23
Let d be (-6)/20 + 9/12*25534/85. Suppose 0 = -2*m + 7*m + 3*g - 110, 0 = -2*g - 10. What is the greatest common divisor of d and m?
25
Suppose 0 = 74*m - 84*m + 360. Let s = -7 + 13. Calculate the greatest common divisor of s and m.
6
Let x(v) = -v**2 + 51*v - 195. Let k be x(39). Calculate the greatest common divisor of 39 and k.
39
Let i = 0 + 3. Suppose 3*k = u + 737, -5*k - i*u - 215 + 1434 = 0. Let q = 350 - k. What is the highest common factor of 15 and q?
15
Let v = 182 - -16. Let p(i) = i**2 + 31*i - 162. Let h be p(5). What is the greatest common divisor of v and h?
18
Let j(r) = -139*r + 1. Let q be j(-1). What is the greatest common factor of q and 350?
70
Suppose 2*m + 23 - 9 = 0. Let s = 5 + 8. Let n = s + m. What is the greatest common divisor of 1 and n?
1
Suppose 7*p - h - 85 = 2*p, -8 = -p + 2*h. Let m be ((-6)/(-4))/(1/12). What is the greatest common divisor of m and p?
18
Suppose h = 6*h - 10. Suppose 0 = 3*c + h*f - 23, 16 = 5*c - c - f. Suppose c = -5*k + 25. Calculate the highest common divisor of 12 and k.
4
Let s(b) = -3 - 4 + 5 + 62*b + 6. Let h be s(3). Let w = 270 - h. What is the greatest common divisor of w and 16?
16
Suppose 6*d = 5*s + 3*d + 2, 5*d = -s + 22. Let i(q) = s - 6*q + 6*q - 8*q. Let y be i(-3). What is the greatest common divisor of 13 and y?
13
Let w(b) = -b + 6. Let s be w(6). Suppose 0 = p - 3*r - 21, 5*p = -s*r - r + 57. What is the greatest common factor of 20 and p?
4
Let a(g) = g**3 - 7*g**2 + 9*g + 10. Let w be a(6). Calculate the highest common divisor of w and 16.
4
Let k = 309 + -149. Suppose 0 = -2*v + 6*v - k. What is the greatest common factor of 5 and v?
5
Let q(v) = -5 - 6 + 11 - 8 + v. Let s be q(9). Let j = -11 + 20. Calculate the highest common factor of j and s.
1
Let p(d) = -d + 1. Let m(h) = 24. Let u(z) = -m(z) + 5*p(z). Let b be u(-9). What is the greatest common divisor of b and 65?
13
Suppose 45*t = 40*t + s + 854, 3*t - 511 = 2*s. Calculate the highest common factor of 570 and t.
57
Suppose -5*k = -3*a + 20, -a + 2*a + 20 = -5*k. Suppose a = -3*p + 71 - 8. Calculate the highest common divisor of 168 and p.
21
Let o(k) = -23*k - 5. Let b be o(-5). Suppose -3*n - 571 = -205. Let t = n - -132. Calculate the highest common divisor of b and t.
10
Let x(m) = 113*m**2 - 19*m - 54. Let d be x(-7). What is the greatest common divisor of d and 26?
26
Suppose -465*u = -447*u - 1152. Calculate the highest common factor of 192 and u.
64
Let j = 786 - 361. What is the greatest common divisor of j and 25?
25
Let i be -12 + (-98)/70*-2435. Calculate the greatest common divisor of i and 79.
79
Let u be 5 + (-2)/((-6)/(-9)). Let z = u + 7. Let s be z*-1*(-5 - -4). Calculate the greatest common factor of s and 81.
9
Let q = 635 - 603. What is the greatest common factor of 1 and q?
1
Let m(u) = -2*u**3 + 4*u**2 + u - 1. Let o(c) = -c**3 + c**2 + 1. Let l(z) = m(z) - o(z). Let b be l(2). What is the highest common divisor of 20 and b?
4
Suppose 3953 = 21*i + 46*i. Calculate the greatest common factor of 2183 and i.
59
Let q = 3 - 1. Suppose -q*i + 6 = i. Suppose 0 = i*f - 27 - 29. Calculate the highest common divisor of f and 4.
4
Suppose 0 = g + 1, 2*u + 5*g - 30 = -3*u. Let p = 11 + u. Suppose -3*i + 5*o + 247 + 160 = 0, 2*i + o = 293. What is the greatest common factor of p and i?
18
Suppose -3*f = -3*v + 2*f + 39, 4*v + f - 29 = 0. Let n(d) = 45*d - 36. Let a be n(v). Calculate the greatest common divisor of 36 and a.
36
Suppose -238 - 28 = -7*h. Suppose 2*o + h = 128. Calculate the greatest common factor of 60 and o.
15
Suppose 2*u - 9*r + 4*r - 26 = 0, 4*u - r = 16. Calculate the greatest common divisor of u and 24.
3
Suppose 9*m - 356 = 40. Let r = -3 - -7. What is the greatest common divisor of m and r?
4
Suppose 14 = 4*b + 2. Suppose b*j = 125 + 106. Suppose 3*k - 3*i - 5 = i, 2*k + 6 = 5*i. Calculate the highest common factor of j and k.
7
Let m(j) = j**2 - 3*j - 3. Let p be m(-4). Suppose 0*v + p = 2*v - 5*u, -4*v - 4*u + 120 = 0. Calculate the greatest common divisor of v and 25.
25
Let b(n) = -n**2 + 7*n - 5. Let i be b(6). Let f = i - -14. Let g be (-3)/(-6)*2*6. Calculate the highest common factor of g and f.
3
Let m = -23 - -27. Suppose -529 = -m*s + 3*g, 0 = -4*s - 2*g + 692 - 178. Calculate the greatest common factor of 26 and s.
26
Let d = -113 + 97. Let c be (0 - -3) + 99/(-7 - d). Suppose -5*b - m + 100 = 0, -b = -0*b - 3*m - 36. What is the highest common factor of c and b?
7
Suppose 11*y - 18 = 26. What is the highest common factor of 32 and y?
4
Suppose 5*u - u = 5*n - 103, -4*n - u = -95. Suppose -4*f + n = -k + 2*k, -2*f = -5*k - 39. What is the greatest common factor of f and 7?
7
Let l be 624/(-9)*24/(-16). What is the greatest common factor of 32 and l?
8
Let n be (-384)/(348/36 - 10). Calculate the highest common factor of n and 64.
64
Let r = -20 + 37. Let x(a) = -2*a - 3. Let l be x(-2). Let n be l - (r/(-1) - 3). What is the greatest common divisor of n and 63?
21
Let l(k) = -k**2 + 4. Let i be l(0). Let x be 10 + i + -2 + 1. Let w = x - 7. What is the highest common factor of 18 and w?
6
Suppose 0 = -o - 3*o - 3*r + 1602, 0 = o + 5*r - 409. What is the highest common divisor of 114 and o?
57
Let y be (36/10)/(22/330). What is the highest common divisor of y and 126?
18
Let y be (2124/(-84))/((-4)/140). Calculate the greatest common divisor of 15 and y.
15
Suppose 0 = o - 2*s - 10 - 14, 0 = 2*s + 6. What is the greatest common factor of 774 and o?
18
Let o(b) = b**2 - 4*b + 3. Let g be o(7). Suppose 8*k + g = 9*k. What is the greatest common divisor of k and 96?
24
Let q be 15/(15/(-12) - -2). Suppose -o - 5*a = 0, -21*o + 16*o - 4*a = -105. Calculate the highest common divisor of o and q.
5
Let b = 119 + -39. Calculate the highest common divisor of 30 and b.
10
Let x = 265 + -231. Calculate the greatest common divisor of x and 85.
17
Let p = 122 + -82. Let l = -28 + p. Calculate the greatest common factor of l and 156.
12
Suppose 0 = o - 50 - 24. Suppose 354 = 4*v + o. Suppose -14*k + 16*k - v = 0. What is the highest common divisor of k and 7?
7
Let g = -682 - -722. Calculate the highest common factor of g and 128.
8
Let r(j) = -j**3 + 17*j**2 - 15*j - 6. Let a be r(16). Let y = a + 3. Calculate the greatest common factor of 26 and y.
13
Let r be (100/45)/((-8)/(-36)). Suppose d = 20 + 10. What is the greatest common factor of d and r?
10
Let a be (64/24)/(1/(-3)). Let t be (18/a)/((-4)/16). Calculate the highest common factor of 99 and t.
9
Let q be 81*(9 - 182/21). Let v = 17 + -8. Calculate the greatest common divisor of v and q.
9
Suppose -7*i + 116 + 640 = 0. Let h = 57 - 21. What is the highest common factor of i and h?
36
Suppose -983 = -4*i + 3*t, -2*i + 721 = i + t. Calculate the highest common divisor of i and 33.
11
Let b(p) = -p**3 - 3*p**2 + 5*p. Let s be b(-7). Let c be (s - -4)*2/5. Let w = -1314 - -1358. What is the highest common divisor of c and w?
22
Let z(y) = y**3 - 3*y**2 + 2*y - 4. Let d be z(4). Let o = 101 - d. Let l = 53 + -26. Calculate the greatest common divisor of o and l.
27
Let y be 1/3 + 377/3. Let a be 54/4*(-10)/75*-10. What is the greatest common divisor of y and a?
18
Suppose 2291*v = 2293*v - 8. Let j = 2 - 2. Let f = 4 + j. What is the highest common factor of v and f?
4
Let w(p) = 167*p - 142. Let q be w(2). Calculate the greatest common factor of 6 and q.
6
Let y = -52 + 75. Let w = 14 - y. Let s be (0 + (-3)/w)*36. Calculate the hig